69 = -3*b + 2*m. Let y = 30 - b. Suppose 5*z + 32 = y*z. Calculate the greatest common factor of 32 and z.
8
Let d(s) be the first derivative of s**4/4 - 2*s**3/3 - 3*s**2/2 + 4*s - 1. Let m be d(3). Let p be (4 + -2)/4*m. What is the highest common factor of p and 6?
2
Let b be 16 + -6 + (-4)/(-1). Let s(g) = -6*g - 7. Let c be s(-7). What is the greatest common factor of b and c?
7
Let v be (171/4)/(6/64). Suppose -4*n - q + 107 + v = 0, -5*n + 715 = 5*q. Suppose -2*l = 2*l - n. Calculate the greatest common divisor of 5 and l.
5
Let t = 479 + -404. Let g be 2/((-4)/30)*-1. Calculate the highest common divisor of g and t.
15
Let c(k) = -6*k**2 + 4. Let t be c(2). Let y = -17 - t. Let b(n) = -10*n - 3. Let q be b(-3). Calculate the highest common factor of y and q.
3
Let h be ((-20)/(-25))/(4/(-50)). Let p = 14 + h. Let u(v) = v**3 + 6*v**2 - 7*v + 4. Let z be u(p). Calculate the greatest common factor of z and 17.
17
Let c = 18 - 13. Suppose 6*s - 5*s = 3*s. Suppose 3*f - 3*i - 72 = 0, f - 2*f - 5*i = s. What is the greatest common factor of f and c?
5
Suppose -4*n = 2*n + 1416. Let c = n + 396. What is the highest common factor of c and 32?
32
Let t(h) = 11 - 7*h + 4*h + 2*h**2 + 16*h. Let s be t(-8). Calculate the highest common factor of s and 7.
7
Suppose -62 + 170 = 4*k. Let d be (-1 - k)/(11/(-22)). Suppose -4*r = -7*r + 42. Calculate the highest common factor of d and r.
14
Let o = -681 + 697. What is the highest common divisor of o and 256?
16
Let r = 636 - 603. Calculate the highest common factor of r and 88.
11
Suppose -5 = -0*k - k, 4*b + k - 689 = 0. Calculate the highest common divisor of b and 228.
57
Let k = 1993 - 1893. Suppose 1 + 2 = b. Suppose 0 = -b*d + 2*d + 25. What is the greatest common factor of k and d?
25
Let n = 1898 + -1706. Calculate the highest common factor of n and 132.
12
Suppose -15 = -5*d - 7*h + 2*h, 4*d - 3*h = 40. Let u = 96 - 82. What is the highest common divisor of d and u?
7
Let d be (16/(-10) + (-72)/(-120))*-1456. Calculate the greatest common divisor of 14 and d.
14
Suppose -76*i + 77*i - 34 = -2*f, f - 5*i - 28 = 0. Calculate the highest common factor of f and 42.
6
Let m(f) = 5*f**2 - f - 3. Let o be m(-3). Let g = 91 - o. Suppose -38 = -4*p + g. What is the greatest common factor of 84 and p?
21
Let z = -2 + 6. Let x(p) = p**2 + 3*p - 6. Suppose -3*i + 0*g + g - 13 = 0, 4*g + 50 = -5*i. Let w be x(i). Calculate the highest common divisor of z and w.
4
Let t(y) = -32*y - 7. Let r(j) = -16*j - 3. Let s(i) = -13*r(i) + 6*t(i). Let u be s(1). What is the highest common factor of u and 13?
13
Let p(t) = 33*t**3 + t**2 - 3*t + 2. Let h be p(1). Calculate the highest common divisor of h and 187.
11
Let k be (-5 - (-2298)/12) + 3/(-2). Calculate the greatest common divisor of 148 and k.
37
Let o(f) = 62*f**2 + 3*f. Let k be o(3). What is the highest common factor of k and 14?
7
Suppose 0 = -3*r, 63 + 42 = 5*q - 2*r. Let i be 2 - 3/6*-10. What is the highest common divisor of i and q?
7
Let i(y) = 3*y**2 - 11*y + 20. Let z be i(3). Let f(v) = v**3 + 8*v**2 + 3*v. Let l be f(-7). Calculate the highest common divisor of z and l.
14
Suppose -7392 = -9*p - 12*p. Calculate the highest common divisor of p and 33.
11
Suppose -2*r + 4*v = -68, 4*r - 5*v - 7 - 144 = 0. Let d be 0 + (0 + 3)/(-3). Let o be (-9 + 0 - 2)/d. Calculate the greatest common factor of r and o.
11
Suppose 24*n - 2 - 238 = 0. Calculate the greatest common factor of 18 and n.
2
Let h(q) = 2*q**3 - 12*q**2 + 21*q - 32. Let v be h(7). What is the highest common factor of 355 and v?
71
Let a(d) = -9*d + 216. Let h be a(19). Calculate the greatest common divisor of 99 and h.
9
Let x(i) = i**2 + i - 1. Let z(j) = -4*j**2 - 11*j + 8. Let c(f) = 6*x(f) + z(f). Let u be c(7). Calculate the greatest common divisor of u and 13.
13
Let p = 1513 + -1370. Calculate the greatest common divisor of 44 and p.
11
Let z = 712 - 464. Calculate the highest common divisor of z and 8.
8
Let n be -1 - -1 - (10 - (67 + -8)). What is the highest common factor of 21 and n?
7
Let g be 15/(-35) + (-408)/(-21) + 3. What is the greatest common divisor of 44 and g?
22
Let z = 540 - 539. Calculate the greatest common factor of 7 and z.
1
Suppose -2*l = -z - 37, l - 15 = 2*z + 5. Calculate the greatest common divisor of 18 and l.
18
Let s be (-1)/2 + ((-47509)/14)/(-11). What is the highest common divisor of s and 77?
77
Let h be 2 + 1 + (-96)/(-6). Suppose -7*w + h = -16. What is the highest common divisor of 20 and w?
5
Suppose 0 = -2*i + 17*n - 21*n + 10, 0 = -5*n - 15. What is the highest common divisor of i and 88?
11
Let t be 2*2*1 + (105 - 91). What is the highest common factor of 48 and t?
6
Suppose -38*j + 400 = -30*j. Suppose -29 - 31 = -3*w. Calculate the greatest common divisor of w and j.
10
Suppose -171*y + 190*y - 133 = 0. Let z be (1 + 34 + 0)*2. Calculate the highest common factor of y and z.
7
Suppose 4*s = 59 + 33. Suppose 0 = -t + s - 8. Let l(q) = q**2 - 7*q - 8. Let z be l(9). Calculate the greatest common factor of z and t.
5
Let f = 1275 - 913. What is the highest common factor of f and 2?
2
Suppose 0 = 4*h - 137 - 51. Let l = -44 + h. What is the greatest common divisor of l and 9?
3
Suppose 47 - 86 = -3*u. Let c(t) = 3*t**3 - 6*t**2 + t + 4. Let g be c(4). What is the greatest common factor of g and u?
13
Let t = -131 - -140. What is the highest common factor of t and 45?
9
Let y = 1 - 2. Let h be 34*4/(-8)*y. Suppose -16 = -4*v - c, 2*v - 5*c + h = v. What is the highest common divisor of v and 24?
3
Let p(l) = l**2 - 20*l - 41. Let i be p(22). Suppose 0*x = i*x - 168. Calculate the greatest common divisor of x and 8.
8
Let a = 325 - 315. Calculate the highest common divisor of 130 and a.
10
Let s(g) = -16*g - 78. Let y be s(-6). Calculate the greatest common divisor of y and 6.
6
Suppose -357*b + 356*b = -7. Let q be 4*(0 + -1 - -15). Calculate the highest common factor of b and q.
7
Suppose -4*h + 12 = -36. Let g be (-6)/h - 1/(-2). Suppose k - 59 - 58 = g. What is the highest common factor of 13 and k?
13
Suppose 0 = -27*s + 6427 + 4589. Calculate the highest common factor of s and 17.
17
Let k = 13 + 2. Suppose -y + 4 = y. Suppose 0 = -5*s - 25, 25 = 5*x - 4*s + y*s. What is the highest common divisor of x and k?
3
Let n(u) = -8*u. Let c be n(-5). Suppose 97*x = 95*x + c. What is the highest common divisor of x and 140?
20
Let t = 55 - -14. Let r(x) = x**3 + 9*x**2 + 3*x + 6. Let k be r(-8). Calculate the greatest common factor of t and k.
23
Let w = 244 + -242. Let r be -4*(1/2 + -1). Suppose r*a - a = w*j + 8, 2*a - 61 = -5*j. Calculate the highest common divisor of 144 and a.
18
Suppose 0 = -3*g + 30 - 3. Let m = 7 + -5. Suppose 5*l - 3 = m. What is the greatest common factor of l and g?
1
Suppose 0 = t - 55 + 53. Let b be (16 + -1)/(t/(-5 - -7)). What is the highest common factor of b and 135?
15
Let b = 408 - 349. Calculate the highest common factor of 59 and b.
59
Let g = -17 + 19. Suppose -g*k - 3*y - 1 = -45, -4*y = -4*k + 108. What is the greatest common factor of 10 and k?
5
Let x(m) = -2*m**3 + 5*m**2 + 3*m - 3. Let v be x(-3). Let a = 111 - v. What is the greatest common divisor of a and 24?
24
Let a = 225 - 159. Let y be ((-8)/6)/((-10)/45). Calculate the greatest common factor of y and a.
6
Let w(j) = -2*j - 60. Let t be w(18). Suppose 3*p + 0*z + 3*z + 129 = 0, -4*p = -z + 162. Let s = p - t. What is the greatest common factor of 11 and s?
11
Suppose 6*h = 10 + 2. Suppose 0 = 4*k + h*k - 180. What is the highest common factor of 90 and k?
30
Let s be (-9 - -11)*26/2 + -2. Suppose 0*q - 528 = -2*q. Calculate the highest common factor of q and s.
24
Let a be 728/16 - (-1)/(-2). Suppose 2*f - f = 5*s - 12, -3*f + 4 = 5*s. Let k = 16 + s. What is the greatest common factor of a and k?
9
Let r(y) = -2*y**2 + 19*y - 6. Let q be r(9). Let d be 120 - (q - (5 + -4)). Calculate the highest common divisor of 59 and d.
59
Let z = 144 + 52. Calculate the greatest common factor of 49 and z.
49
Let c be (-232)/(-3) - (-2 - (-14)/6). Let l be (8/6)/(5/15). Suppose 0 = 2*u - 10 - l. Calculate the greatest common factor of c and u.
7
Suppose -6 = -d + 7. Suppose 13*f = 23*f - 110. Suppose -d*y + 44 = -f*y. Calculate the highest common facto